
2
Let n(q) = -2*q**2 + 18*q - 31. Suppose -d - 4 = -3*f, -3 = 3*f + 2*d - 13. Let m be n(f). Let w(o) = o**2 - 2*o - 11. What is w(m)?
4
Let d be ((-25)/10)/((-5)/(-10)). Let b be 6/(-16)*(d - (11 + -8)). Let f(s) = -s + 3. Give f(b).
0
Let v(z) = 4*z + 5*z - z**2 + 2*z**2 + 12. Suppose 0 = 53*w - 33*w - 60. Suppose 0 = w*i + 37 - 13. What is v(i)?
4
Let k(b) be the first derivative of b**3/3 - 8*b**2 - 26*b - 499. What is k(18)?
10
Suppose 0 = 5*b - 5*i - 30, 64*i - 67*i - 16 = -b. Let n(h) = 13*h**3 + 2*h**2 + 2*h - 2. Give n(b).
15
Let d(x) be the first derivative of -5*x**2/2 + 11*x + 7452. Determine d(-6).
41
Let j(q) = q**3 - 4*q**2 + 4*q - 1. Let b be j(3). Suppose -3*m + 26 = -2*a, 19 = -3*a + 7. Let y(t) = -m*t - t**2 - 1 + b*t + 2*t**2 + 3*t. Give y(3).
5
Let x(l) = -7*l + 2. Suppose 4*v - 8 = 3*o - 2*o, -3*o + 4*v = 0. Suppose -o*w = -15 - 5. Let z(q) = -3*q + 1. Let f(t) = w*z(t) - 2*x(t). Calculate f(-7).
8
Let k(l) = l**3 + 2*l**2 + 3*l - 455. Let q be k(0). Let y = q + 447. Let o(u) = 2*u**2 + 13*u + 10. Give o(y).
34
Let t be 2 + ((-48)/40 - (-24)/(-5)). Let d(x) = -x**3 - 4*x**2 - x. What is d(t)?
4
Suppose -4*k + 4 = x, 2*k + 3 - 1 = -x. Let f(a) = -2*a - 15. What is f(x)?
1
Let j(h) be the first derivative of -127 + 1/4*h**4 - h**3 + 0*h - 1/2*h**2. Let g be 0 + 2 + 0 - 0. What is j(g)?
-6
Suppose -3*g = 4 + 8. Let x(o) = 16*o**2 - 13*o - 2. Let c(h) = -26*h**2 + 24*h + 5. Let l(n) = 3*c(n) + 5*x(n). What is l(g)?
9
Let u(d) be the second derivative of d**4/12 - 7*d**3/2 - 20*d**2 + 570*d. Determine u(23).
6
Let x(h) = 5*h**2 - 4*h + 2. Let l = -72 + 80. Suppose l*s - 2*s - 12 = 0. Give x(s).
14
Let g(i) be the third derivative of -i**8/6720 + i**7/1260 - i**5/120 - 275*i**4/24 - 208*i**2. Let o(h) be the second derivative of g(h). Determine o(1).
0
Let g(c) = 4*c**3 + c**2 - c - 3. Let b(r) = 13*r**3 + 2*r**2 - 4*r + 1. Let l(p) = b(p) - 3*g(p). Calculate l(-3).
-23
Let g(k) = -50*k + 204. Suppose -119*o = 4*d - 121*o - 16, d - 3*o = 4. Calculate g(d).
4
Let v(s) = -22*s**2 - 51*s + 225. Let j(r) = 10*r**2 + 25*r - 105. Let t(k) = 13*j(k) + 6*v(k). Calculate t(13).
-106
Suppose 3*w = 2*i + 2, -3*i - 5*w - 1 = 2. Let u(a) = -a**2 - a. Let q(p) = -6*p**2 + 2*p. Let d(h) = i*q(h) + 4*u(h). Calculate d(4).
8
Let m(y) = y + 101. Let v be m(-32). Let a(h) = -31 + v + h - h - 26 + h. Calculate a(-7).
5
Suppose 16 + 23 = 5*y + g, -5*g + 19 = 3*y. Let x(z) = z**2 - 13*z + 11. What is x(y)?
-29
Let i(o) = -o**3 + o**2 + 3. Let l be i(0). Let v(j) = 5 + 2287807*j**2 - j - j**3 - 2*j**3 + 0*j - 2287810*j**2 + 4*j**3 - 1. What is v(l)?
1
Let b(t) = 30*t + 295. Let a be b(-10). Let z(n) = -n**3 - 6*n**2 + 5*n + 15. Give z(a).
-35
Let d(u) be the first derivative of u**5/60 - u**3/6 - 77*u**2/2 + 174. Let f(y) be the second derivative of d(y). Give f(4).
15
Let c(p) = 0*p + p + 15*p - 7*p + 9 + 0*p. Determine c(-3).
-18
Let h(o) = 3*o**2 - 3*o - 3. Let w be h(4). Suppose 5*r = n + 33, 0 = 3*r - 9*n + 4*n - w. Let u(g) = 9*g + r*g**2 - 4*g - 3*g**3 + 4*g**3 + 5. Determine u(-5).
5
Let f(o) = 22*o**3 - 14*o**2 + 12*o + 5. Let a(r) = -3*r**3 + r**2 - r. Let n(m) = 7*a(m) + f(m). Give n(6).
-1
Let p be (9 - -1)/((-5)/(-10)). Let z(r) = -14*r + 33 - 3 - p. Let f(c) = 5*c - 3. Let k(i) = -17*f(i) - 6*z(i). Determine k(-4).
-5
Suppose -6*a = 20*p - 4*a + 50, -4*p - 3 = -a. Let w(r) = -2*r**2 + 2 + 0*r - 4 - 3*r. What is w(p)?
-4
Let q(m) be the second derivative of -m**3/6 + 13*m**2 + 464*m. Give q(18).
8
Let h(i) = -i + 267*i**2 - 266*i**2 - 10*i + 38 - 13. Determine h(8).
1
Let q(y) be the second derivative of -y**4/12 - 8*y**3/3 - 2478*y. What is q(-16)?
0
Let p = 5388 + -5380. Let a(o) be the third derivative of 0 - 1/120*o**6 - 1/2*o**3 + 0*o - p*o**2 + 0*o**4 - 1/15*o**5. What is a(-4)?
-3
Let b(z) = 3*z**2 + 2*z + 1. Let h = -68 + 70. Let d(k) = -14*k**2 - 7*k - 5. Let s(o) = h*d(o) + 9*b(o). Calculate s(7).
-22
Suppose -8*w = 5 + 3. Let m(g) = 14*g**2 - 6*g - 3. Let y(j) = 9*j**2 - 4*j - 2. Let u(a) = 5*m(a) - 8*y(a). Calculate u(w).
-3
Let n(w) = -15395 - w**2 - 15239 + 4*w + 30640. Let d = 3 - -2. Determine n(d).
1
Suppose 5*d + u - 6*u - 20 = 0, d + 11 = -4*u. Let h(b) = -b**3 + 8*b**2 - 6*b - 2. Let g be h(7). Let r(w) = -g - 4*w + 9*w + 0*w**2 - w**2 - d. What is r(4)?
-2
Let v(n) = 281 - 572 - 9*n + 297 + 3*n. Calculate v(4).
-18
Suppose 213*b = 29*b + 552. Let u(v) be the first derivative of -6*v + 4*v**2 - 1/3*v**b + 6. Determine u(8).
-6
Let k(g) = -g**2 + 3*g - 6. Let i(y) = -7*y - 47. Let f be i(-7). Let p be k(f). Let q(u) = u**2 + u - 8. Give q(p).
4
Let x be -6*10/(-24)*16/10. Let a(q) = -3851*q + 3846*q - 1 - q**3 + 4*q**2 + 4. Calculate a(x).
-17
Let r(a) = -22*a + 13. Let w(x) = x**2 - 14*x + 8. Let v(c) = 5*r(c) - 8*w(c). Calculate v(3).
-65
Let d = 17672 + -17666. Let n(i) be the first derivative of i**3 - 17*i**2/2 - i + 1. Let m be n(d). Let k(g) = -g**2 + 4*g - 5. Give k(m).
-10
Suppose 39*k + 181 = 5*i, -4*k - 3*i = -8*i + 41. Let w(q) = -2*q**3 - 11*q**2 - 12*q - 6. Give w(k).
-6
Suppose 0*c + 4*c - 72 = 0. Let x be (104/117)/(4/c). Suppose -v + 1 = x*y, -v - y - 3 = 2. Let t(z) = -z + 3. Determine t(v).
10
Let h(u) = 1115*u**2 + 1 - 1116*u**2 + 3 + u. Let q be (-69)/(-15) + 2/5. Calculate h(q).
-16
Suppose 5*o - r = 227, -150 = 6*o - 9*o - 4*r. Suppose 19*w - o*w - 243 = 0. Let t(b) = -b**2 - 11*b - 16. Determine t(w).
2
Suppose 11 + 2 = 4*v - p, -5*v + 2*p = -17. Let q(j) = 54*j - 153. Calculate q(v).
9
Let k(i) = -i. Let w(t) = -t**2. Let v(z) = 2*k(z) + w(z). Let c = -1258345 + 1258350. Give v(c).
-35
Let m(s) = -3*s - 3 + 1 + 2*s. Suppose 3569707*z = 3569769*z - 682. Give m(z).
-13
Let x(q) = 22*q**2 - 199*q + 9. Let r be x(9). Let p(m) = m - 55. Determine p(r).
-55
Suppose 7*f - 16*f = 72. Let z(g) = -g**3 - 9*g**2 - 3*g + 14. Calculate z(f).
-26
Let q(v) = -v**3 + 3*v**2 - 4*v + 2. Let z = -208 - -6. Let j = z - -204. Give q(j).
-2
Let j = 643 + -644. Let k(w) = 21*w**2 + w + 12. Let s(l) = 4*l**2 - l. Let d(v) = j*k(v) + 5*s(v). What is d(-4)?
-4
Let s(v) = -v - 2. Let k = 196 - 101. Let o = 95 - k. Let m be 0/(-6) - (o - 2). Determine s(m).
-4
Let a(s) be the second derivative of -s**3/2 + 38*s**2 + 191*s. Give a(25).
1
Let l(m) = -221*m**3 - 7*m**2 + 7*m - 67. Let j(t) = 74*t**3 + 2*t**2 - 2*t + 19. Let a(u) = 7*j(u) + 2*l(u). Determine a(-1).
-77
Let q(u) = 6*u**2 - 2*u + 6. Let i(r) = 5*r**2 - 3*r + 6. Suppose 5*l - 15 = 2*p, -3*p = l - 1 - 19. Let k(b) = p*i(b) - 4*q(b). Give k(2).
-4
Let f(t) be the second derivative of 1/2*t**2 + 77*t + 0 + 1/12*t**4 + 1/6*t**3. Give f(0).
1
Let f = -124 - -129. Let o be (1*(-6)/f)/(126/(-840)). Let p(y) = -5*y**2 - 7*y - 3. Let n(m) = -6*m**2 - 7*m - 4. Let l(v) = 6*n(v) - 7*p(v). What is l(o)?
-11
Suppose -7*b = -2*b - 35. Let s = 41 + -41. Let k(z) = 8*z**2 - 7 - 8*z + 7*z + s*z - 5*z - z**3. Determine k(b).
0
Let o(q) = 5*q**2 - 187*q - 313. Let x be o(39). Let u(h) = -4*h**2 + 2*h**2 + 0*h**2 + 3*h**2. Determine u(x).
1
Let j be (264/(-156))/(-11) - (-4)/(-26). Let m(n) = n + 54. Calculate m(j).
54
Let y(v) = -2*v**2 - 16*v + 32. Suppose t = -5*s, -s = -54*t + 56*t + 18. What is y(t)?
-8
Let c(k) = -k**3 - k**2 + 90 - 91 + 0*k**2 + 3*k. Suppose -514 + 554 = -10*q. Determine c(q).
35
Let d(l) = -2*l**3 - 12*l**2 - 11*l - 20. Let n be d(-12). Let b(p) = -3*p + 6*p + n*p**2 + 4 - 1843*p**2. Calculate b(3).
-14
Let w = -3467 - -3441. Let x(l) = -l**3 - 24*l**2 + 56*l + 98. Determine x(w).
-6
Let b(g) = -17*g - 10. Let s be b(-3). Let u = -39 + s. Suppose 2*w + 4 = -u. Let l(f) = f**3 + 4*f**2 + 4*f + 3. What is l(w)?
0
Let u be ((-70)/7)/(-1 - 1). Let k(b) = 4*b**2 - 9*b**2 + 4*b - 5 + 4*b**2 + u*b. Calculate k(7).
9
Let l = 3009 + -2997. Let c(u) = u**3 - 11*u**2 - 8*u + 6. Calculate c(l).
54
Suppose 5*y - 4 = u + 140, 228 = -2*u - 5*y. Let i = 113 + u. Let l(f) = f**3 + 10*f**2 - 11*f - 4. What is l(i)?
-4
Let h(z) = 14*z**3 - 21*z**2 + 4*z - 8. Let l(c) = -23*c**3 + 39*c**2 - 7*c + 17. Let u(b) = -5*h(b) - 3*l(b). What is u(-12)?
-23
Let h(a) = -4*a - 1. Let f(m) = -8*m - 105. Suppose -3*j - 25*b + 26*b - 44 = 0, -10 = j + 2*b. Let r be f(j). Give h(r).
-29
Let c(l) = l + 1. Let y be (-2)/(0 - 2 - 0). Let h(k) = -6*k + 3. Let x(d) = y*h(d) + 4*c(d). What i